 j.
49
Let p(c) = 43*c - 1583. Let v be p(37). What is the highest common divisor of 2092 and v?
4
Let l(q) = 72*q + 9060. Let o be l(-119). What is the highest common divisor of o and 35178?
246
Let c(x) = -13*x - 21. Suppose 5*k + 116 = -i, 0*k - 28 = k + 5*i. Let b = -28 - k. Let v be c(b). What is the greatest common factor of v and 66?
22
Let t = 186 + -60. Calculate the greatest common factor of 18 and t.
18
Let z = 864 + -370. What is the highest common factor of z and 234?
26
Let w be 251 + 4/(-2) + 1. Let z be 185/((-4070)/264) - (1 - 23). What is the highest common divisor of z and w?
10
Suppose -5*f + 10 = -165. Let i be 7 + 18417/f + 2/(-10). What is the greatest common divisor of 41 and i?
41
Let n = 21 + 22. Suppose n*o = 46*o. Suppose o = -4*z + 574 - 214. What is the greatest common divisor of z and 10?
10
Let n(u) = 44*u**2 - 6*u + 7. Let o be n(2). Suppose 8*m = o + 85. Let t(w) = 14*w - 2. Let z be t(7). Calculate the highest common factor of m and z.
32
Let m be (-4)/(-6)*-69*15/(-6). Let d be 6900/(-24)*(-8)/10. Suppose -4*p - d = -9*p. Calculate the greatest common factor of m and p.
23
Let l be 100/(6 + -4) + 0. Let s = l - 5. What is the highest common factor of 15 and s?
15
Let r(s) = 2*s**2 - 34*s - 36. Let d be r(18). Suppose -21*h + 299 - 26 = d. Calculate the greatest common factor of h and 91.
13
Let m = -109 + 113. Let c be -3 + (-2 + m)/2 + 92. What is the highest common divisor of 54 and c?
18
Suppose -6*u - 8 = -8*u. Suppose u*l = 21 - 9. Suppose 3*n - 2*v - 231 = 0, l*v + 127 = 2*n - 27. What is the highest common divisor of 7 and n?
7
Let i = 396 - 282. Let o = 289 + -251. Calculate the greatest common factor of o and i.
38
Suppose -u = u - 6. Suppose -369 = -3*y - 34*r, -27 = 33*y - 36*y + 4*r. What is the greatest common factor of y and u?
3
Let z = 108 + -160. Let w be (z/14 + 2)/((-1)/49). What is the greatest common factor of w and 72?
12
Let r(l) = -3*l**3 + 6*l**2 + 201*l + 375. Let k be r(-2). Suppose 3 = -v + 1. Let d be -35*(-1)/(-2)*v. What is the greatest common divisor of k and d?
7
Suppose 39*l - 34*l = 25. Suppose x - 8*y + l*y = 18, -3*y - 51 = -2*x. Calculate the highest common factor of 33 and x.
33
Let l be ((-12)/(-9))/((-2)/(-315)). Suppose 28*f - 26*f - 140 = 0. Calculate the greatest common divisor of f and l.
70
Let v be 4*6/60 - (-176)/10. Let s = -562 + 805. What is the greatest common factor of s and v?
9
Suppose 3*x = 7*q - 11*q + 4666, q + 4*x = 1160. What is the greatest common factor of 108 and q?
4
Suppose 25 = 5*p - 0*p - 5*x, -2*p + x + 9 = 0. Let w be (3808/196)/((-4)/(-14)). Calculate the greatest common divisor of p and w.
4
Let q(s) = 225*s**2 + 16*s + 2. Let x be q(-2). Calculate the greatest common divisor of x and 135.
15
Let c = 340 + -30. Calculate the highest common factor of c and 186.
62
Suppose -5*t + 2 + 8 = 0, -5*g - t - 4078 = 0. Let r = 825 + g. Let a be (-86)/(-6) + (-4)/(-6). Calculate the highest common divisor of r and a.
3
Let f = -10277 - -10487. Calculate the greatest common factor of 810 and f.
30
Let a(n) = -40*n + 39. Let h be a(1). Let u be (-2 - h)*13/(182/(-882)). What is the highest common divisor of u and 504?
63
Suppose 87 = 5*m - 23. Suppose m*u - 380 = 17*u. Suppose 0*p - 3*p + 45 = -4*h, p - 28 = -3*h. Calculate the highest common factor of u and p.
19
Let u = -12421 - -20096. Calculate the highest common divisor of 25 and u.
25
Let m(x) = -10*x + 268. Let f be m(15). Calculate the highest common divisor of 2 and f.
2
Suppose 18*t - 40329 - 59517 = 0. Calculate the highest common divisor of t and 516.
129
Suppose 237*a + 130*a - 80160 = -969*a. Suppose 3*u = q + 4, -5*q + 4*u = -q. Let d be (-1 + 3)/(q/80). What is the greatest common divisor of d and a?
20
Suppose 0*z = 2*z - 14. Suppose 58*b = -33*b - 4513 + 691. Let q be 3*4/b + 688/z. What is the highest common factor of q and 14?
14
Let l(z) = 41*z**2 - 29*z + 30. Let d be l(1). Suppose -j = 2*v - 40, d = 2*v - 11*j + 13*j. What is the highest common factor of v and 76?
19
Let i(q) = -26*q + 1077. Let o be i(-34). Calculate the greatest common factor of o and 74.
37
Suppose 90425 = 39*y - 35701. What is the highest common divisor of y and 66?
66
Suppose 107*m = 110*m - 4*x - 29765, 4*x - 29725 = -3*m. Calculate the greatest common factor of 15 and m.
15
Suppose l + 261 - 15 = h, 5*h = -2*l + 1251. Let u = h + -79. Calculate the greatest common divisor of 20 and u.
10
Suppose 473 = -4*p + 665. What is the highest common factor of 1164 and p?
12
Suppose 0 = -5*f - 2*n + 170, -9 - 38 = -f - 3*n. Calculate the highest common factor of 400 and f.
16
Let u be (2/(-8) - 259/(-148))*870. What is the highest common factor of u and 696?
87
Let l = 139727 + -139712. Let b(q) = 348*q - 2. Let w be b(2). Suppose 274 = -4*h + w. Calculate the highest common divisor of h and l.
15
Let j = 343 + -155. Let g = 312 - j. Let v = g - 64. Calculate the highest common factor of v and 12.
12
Let s(o) = 31*o**2 - 7*o + 3. Let g be s(1). Suppose -15*a + g + 33 = 0. What is the highest common divisor of a and 340?
4
Let a be -2650*(7/(-28) + (-2)/(0 - -8)). Calculate the highest common factor of 75 and a.
25
Let l = 881 - 881. Suppose 59*k - 29*k - 3060 = l. Calculate the highest common factor of k and 51.
51
Let b(w) = -w**3 - 42*w**2 + 3*w + 129. Let s be b(-42). Suppose 1 = 3*z - 248. Suppose v + s = z. Calculate the greatest common factor of 32 and v.
16
Suppose -27 = 9*t - 54. Suppose 0 = -4*y + 2*c + 192, 4*c - 207 = -t*y - 52. What is the highest common factor of 154 and y?
7
Let r = -4808 + 6326. Calculate the highest common factor of 88 and r.
22
Let o = -9661 + 10535. What is the greatest common factor of o and 322?
46
Suppose 3*t - 51337 = -b, 0 = 5*b - 5 - 15. What is the greatest common factor of t and 71?
71
Suppose 4*k = -2*q + 3*k + 27, -2*k + 32 = 2*q. Let u be -231*((-30)/(-9))/(-10). Calculate the greatest common factor of q and u.
11
Let t(y) = -y**3 - 10*y**2 - 21*y + 3. Let c be t(-3). Suppose 3*v + c + 55 = 2*d, -5*d + 159 = -4*v. What is the greatest common divisor of d and 63?
7
Let h(u) = 133*u**2 - 4*u - 1. Let w be h(-2). Let r = w - 336. Calculate the greatest common factor of r and 7.
7
Let f be (-124)/6*65*(-12)/8. What is the highest common divisor of f and 465?
155
Suppose -2*q + 5*u = 43 - 317, -3*u = 2*q - 306. What is the highest common factor of q and 6?
3
Suppose -5*j + 7*j = -5*h + 1967, 403 = h - 2*j. Calculate the greatest common factor of h and 1264.
79
Let g = 473 - 515. Let w be (20/14)/((-6)/g). Suppose 0 = -b + 4 + 16. Calculate the greatest common factor of w and b.
10
Suppose 5*f = 12 + 8. Let c(b) = -8*b. Let s(n) = -17*n. Let k(d) = -13*c(d) + 6*s(d). Let j be k(f). What is the greatest common factor of 32 and j?
8
Let s(l) be the third derivative of l**5/30 - l**4/4 - 11*l**3/6 - l**2. Let j be s(-8). Let k = -1774 - -1789. What is the highest common divisor of j and k?
15
Suppose -157*b + 659871 - 67055 + 162668 = 0. Calculate the highest common factor of b and 20.
4
Let z = 3 + 2. Let g = z + 3. Suppose 522*v - 514*v = 8. Calculate the highest common divisor of v and g.
1
Let s = 5512 + -5485. Calculate the greatest common factor of 327 and s.
3
Let z = -1343 + 1511. Suppose -2*t + 409 = 5*w, -2*t - 4*w + 596 = t. What is the highest common divisor of z and t?
24
Let m = -5924 - -6076. Calculate the greatest common factor of m and 6840.
152
Suppose 45 = -5*a - 5*i, -18*a - 2*i = -23*a - 66. Suppose -5*f = 2 + 88. Let n be 2/3 - a/f*-2. What is the greatest common factor of 5 and n?
1
Suppose 0 = 3809*b - 3819*b + 5270. Calculate the highest common factor of b and 31.
31
Let y be 812/20 - 3/5. Let i(f) = -4*f - 22. Let h be i(-8). Suppose -n = n - h. Calculate the highest common factor of n and y.
5
Suppose 23*p - p - 210*p = -121260. What is the greatest common factor of 45 and p?
15
Let r be (0 + -110 + 4)*-25. Calculate the highest common factor of r and 25.
25
Let m(j) = 2*j - 8. Let t be m(9). Suppose 2*h = -4*p + 1092, 3654*h + 828 = 3*p + 3657*h. What is the greatest common factor of p and t?
10
Let k be 8 + (-1734)/(-6) + -17. What is the greatest common factor of k and 3584?
56
Let s = 33958 - 7968. What is the highest common divisor of 230 and 